{"id":685,"date":"2021-10-30T21:42:17","date_gmt":"2021-10-31T00:42:17","guid":{"rendered":"http:\/\/www.sds2021.ufpr.br\/?page_id=685"},"modified":"2021-12-03T19:17:48","modified_gmt":"2021-12-03T22:17:48","slug":"sustainable-behaviour","status":"publish","type":"page","link":"http:\/\/www.sds2021.ufpr.br\/?page_id=685","title":{"rendered":"Sustainable Behaviour"},"content":{"rendered":"\n<div class=\"wp-block-cover alignfull has-nv-dark-bg-background-color has-background-dim\" style=\"min-height:328px\" id=\"nacional\"><div class=\"wp-block-cover__inner-container\">\n<p><\/p>\n\n\n\n<div class=\"wp-block-columns alignwide are-vertically-aligned-top\">\n<div class=\"wp-block-column is-vertically-aligned-top\">\n<div class=\"wp-block-image\"><figure class=\"aligncenter size-large is-resized\"><img loading=\"lazy\" src=\"http:\/\/www.sds2021.ufpr.br\/wp-content\/uploads\/2021\/09\/Objeto-Inteligente-de-Vetor-copiar-5.png\" alt=\"\" class=\"wp-image-445\" width=\"311\" height=\"311\" srcset=\"http:\/\/www.sds2021.ufpr.br\/wp-content\/uploads\/2021\/09\/Objeto-Inteligente-de-Vetor-copiar-5.png 555w, http:\/\/www.sds2021.ufpr.br\/wp-content\/uploads\/2021\/09\/Objeto-Inteligente-de-Vetor-copiar-5-300x300.png 300w, http:\/\/www.sds2021.ufpr.br\/wp-content\/uploads\/2021\/09\/Objeto-Inteligente-de-Vetor-copiar-5-150x150.png 150w\" sizes=\"(max-width: 311px) 100vw, 311px\" \/><\/figure><\/div>\n<\/div>\n\n\n\n<div class=\"wp-block-column is-vertically-aligned-top\">\n<h1><span class=\"has-inline-color has-nv-text-dark-bg-color\">Sustainable Behaviour<\/span><\/h1>\n\n\n\n<p class=\"has-nv-site-bg-color has-text-color\" id=\"block-f61ea6ed-2939-4409-a002-8c50694d0d40\"><em><em><span class=\"has-inline-color has-nv-text-dark-bg-color\"><em>Comportamento<\/em> <em>Sustent\u00e1vel<\/em><\/span><\/em><\/em><\/p>\n\n\n\n<p><span class=\"has-inline-color has-nv-site-bg-color\"><strong>Palestra e debate ao vivo<\/strong> <em>| Keynotesand live debate<\/em><\/span><\/p>\n\n\n\n<p><span class=\"has-inline-color has-nv-site-bg-color\"><strong>Dia 03 Dezembro<\/strong><em>| December 3rd<\/em><strong><br><\/strong>9:00 \u2013 10:30 Brazil | 12:00 &#8211; 13:30 UTC | <a href=\"https:\/\/www.timeanddate.com\/worldclock\/fixedtime.html?msg=Sustainable+Behaviour+-+SDS2021&amp;iso=20211203T09&amp;p1=483&amp;ah=1&amp;am=30\" data-type=\"URL\" data-id=\"https:\/\/www.timeanddate.com\/worldclock\/fixedtime.html?msg=Sustainable+Behaviour+-+SDS2021&amp;iso=20211203T09&amp;p1=483&amp;ah=1&amp;am=30\">Check your time zone here<\/a><strong><br><\/strong><\/span><span class=\"has-inline-color has-nv-c-2-color\">Session in English<\/span><\/p>\n\n\n\n<figure class=\"wp-block-image size-large is-resized\"><a href=\"http:\/\/www.sds2021.ufpr.br\/?page_id=267\"><img loading=\"lazy\" src=\"http:\/\/www.sds2021.ufpr.br\/wp-content\/uploads\/2021\/11\/standard.png\" alt=\"\" class=\"wp-image-992\" width=\"113\" height=\"22\"\/><\/a><\/figure>\n<\/div>\n<\/div>\n\n\n\n<p><\/p>\n<\/div><\/div>\n\n\n\n<p><\/p>\n\n\n\n<div class=\"wp-block-columns alignwide\">\n<div class=\"wp-block-column\" style=\"flex-basis:5%\"><\/div>\n\n\n\n<div class=\"wp-block-column\" style=\"flex-basis:20%\">\n<div class=\"wp-block-image\"><figure class=\"alignleft size-large\"><img loading=\"lazy\" width=\"185\" height=\"185\" src=\"http:\/\/www.sds2021.ufpr.br\/wp-content\/uploads\/2021\/10\/Lara.png\" alt=\"\" class=\"wp-image-687\" srcset=\"http:\/\/www.sds2021.ufpr.br\/wp-content\/uploads\/2021\/10\/Lara.png 185w, http:\/\/www.sds2021.ufpr.br\/wp-content\/uploads\/2021\/10\/Lara-150x150.png 150w\" sizes=\"(max-width: 185px) 100vw, 185px\" \/><\/figure><\/div>\n<\/div>\n\n\n\n<div class=\"wp-block-column\" style=\"flex-basis:70%\">\n<p class=\"has-text-align-left\"><strong>Prof. Dra. <strong><strong><strong>Lara Penin<\/strong><\/strong><\/strong><\/strong><br>USA \u2013 Parsons School of Design<\/p>\n\n\n\n<p class=\"has-small-font-size\">Ela \u00e9 doutora pelo Politecnico di Milano e graduada em Arquitetura e Urbanismo pela Universidade de S\u00e3o Paulo. \u00c9 professora associada em Design Transdisciplnar na Parsons School of Design, sendo fundadora naquela institui\u00e7\u00e3o do DESIS Lab, um laborat\u00f3rio de pesquisa-a\u00e7\u00e3o que trabalha na interse\u00e7\u00e3o entre design estrat\u00e9gico, gest\u00e3o e teoria social, aplicando suas compet\u00eancias interdisciplinares na compreens\u00e3o e solu\u00e7\u00e3o de problemas em sustentabilidade e inova\u00e7\u00e3o social. Em seu trabalho ela busca utilizar o Design de Servi\u00e7o para provocar impacto social positivo enquanto estabelece pontes entre inova\u00e7\u00e3o na pedagogia no ensino do Design e a busca de instrumentos para a conferir um papel mais transformadora na pr\u00e1tica de Designers, envolvendo tanto a sociedade civil como o setor p\u00fablico.<br><br>She has a PhD in Design from the Milan Polytechnic University in Italy and a BA in Architecture and Urbanism from the University of S\u00e3o Paulo in Brazil. She is an Associate Professor of Transdisciplinary Design at Parsons School of Design. Lara is co-founder of the Parsons DESIS Lab, an action research laboratory that works at the intersection of strategic design, management, and social theory, applying interdisciplinary expertise in problem setting and problem solving to sustainable practices and social innovation. In her work she seeks to explore the agency of service design to effect positive social change while bridging the gap between the innovation of design pedagogy and practice to equip designers to play a more transformative role, involving both civil society and the public sector. Lara is the author of \u201cAn Introduction to Service Design.<\/p>\n<\/div>\n\n\n\n<div class=\"wp-block-column\" style=\"flex-basis:5%\"><\/div>\n<\/div>\n\n\n\n<div class=\"wp-block-columns alignwide\">\n<div class=\"wp-block-column\" style=\"flex-basis:5%\"><\/div>\n\n\n\n<div class=\"wp-block-column\" style=\"flex-basis:20%\">\n<div class=\"wp-block-image is-style-rounded\"><figure class=\"aligncenter size-large\"><img loading=\"lazy\" width=\"185\" height=\"185\" src=\"http:\/\/www.sds2021.ufpr.br\/wp-content\/uploads\/2021\/11\/diehl.png\" alt=\"\" class=\"wp-image-1263\" srcset=\"http:\/\/www.sds2021.ufpr.br\/wp-content\/uploads\/2021\/11\/diehl.png 185w, http:\/\/www.sds2021.ufpr.br\/wp-content\/uploads\/2021\/11\/diehl-150x150.png 150w\" sizes=\"(max-width: 185px) 100vw, 185px\" \/><\/figure><\/div>\n<\/div>\n\n\n\n<div class=\"wp-block-column\" style=\"flex-basis:70%\">\n<p class=\"has-text-align-left\"><strong>Dr. ir. Jan Carel Diehl<\/strong><br>Netherlands \u2013 TU Delft<\/p>\n\n\n\n<p class=\"has-small-font-size\">O Dr. Jan Carel Diehl \u00e9 professor associado da Faculdade de Engenharia de Design Industrial da Universidade de Tecnologia de Delft com foco em Design para Sustentabilidade (DfS) para cen\u00e1rios com poucos recursos. Ele \u00e9 membro do conselho da Delft Global Initiative e pesquisador s\u00eanior do LDE Center for Frugal Innovation in Africa. Seu foco atual \u00e9 Assist\u00eancia M\u00e9dica Inclusiva para Todos e Projeto de Dispositivos de Diagn\u00f3stico Inteligente para Infec\u00e7\u00f5es Parasit\u00e1rias na \u00c1frica. Al\u00e9m disso, ele tem trabalhado em DfS com empresas e universidades em cerca de 60 pa\u00edses em todo o mundo. Ele \u00e9 coautor do manual UNEP Design for Sustainability for Developing Economies (D4S DE). Ele ministra cursos sobre empreendimentos sociais, sistema de servi\u00e7os de produtos sustent\u00e1veis e design para ambientes com poucos recursos.<\/p>\n\n\n\n<p class=\"has-small-font-size\">Dr. Jan Carel Diehl is an Associate Professor at the Faculty of Industrial Design Engineering at Delft University of Technology with a focus on Design for Sustainability (DfS) for low-resource settings. He is board member of the Delft Global Initiative and senior researcher at the LDE Centre for Frugal Innovation in Africa. His current focus is on Inclusive Healthcare for All and Design of Smart Diagnostics Devices for Parasitical Infections in Africa. In addition, he has been working on DfS with companies and universities in about 60 countries world-wide. He is co-author of the UNEP Design for Sustainability manual for Developing Economies (D4S DE). He teaches courses on Social Venturing, Sustainable Product Service System, and Design for Low Resource Settings.<\/p>\n<\/div>\n\n\n\n<div class=\"wp-block-column\" style=\"flex-basis:5%\"><\/div>\n<\/div>\n\n\n\n<p><\/p>\n","protected":false},"excerpt":{"rendered":"<p>Prof. Dra. Lara PeninUSA \u2013 Parsons School of Design Ela \u00e9 doutora pelo Politecnico di Milano e graduada em Arquitetura e Urbanismo pela Universidade de S\u00e3o Paulo. \u00c9 professora associada em Design Transdisciplnar na Parsons School of Design, sendo fundadora naquela institui\u00e7\u00e3o do DESIS Lab, um laborat\u00f3rio de pesquisa-a\u00e7\u00e3o que trabalha na interse\u00e7\u00e3o entre design&hellip;&nbsp;<a href=\"http:\/\/www.sds2021.ufpr.br\/?page_id=685\" class=\"\" rel=\"bookmark\">Read More &raquo;<span class=\"screen-reader-text\">Sustainable Behaviour<\/span><\/a><\/p>\n","protected":false},"author":2,"featured_media":0,"parent":0,"menu_order":0,"comment_status":"closed","ping_status":"closed","template":"page-templates\/template-pagebuilder-full-width.php","meta":{"neve_meta_sidebar":"","neve_meta_container":"","neve_meta_enable_content_width":"","neve_meta_content_width":0,"neve_meta_title_alignment":"","neve_meta_author_avatar":"","neve_post_elements_order":"","neve_meta_disable_header":"","neve_meta_disable_footer":"","neve_meta_disable_title":""},"_links":{"self":[{"href":"http:\/\/www.sds2021.ufpr.br\/index.php?rest_route=\/wp\/v2\/pages\/685"}],"collection":[{"href":"http:\/\/www.sds2021.ufpr.br\/index.php?rest_route=\/wp\/v2\/pages"}],"about":[{"href":"http:\/\/www.sds2021.ufpr.br\/index.php?rest_route=\/wp\/v2\/types\/page"}],"author":[{"embeddable":true,"href":"http:\/\/www.sds2021.ufpr.br\/index.php?rest_route=\/wp\/v2\/users\/2"}],"replies":[{"embeddable":true,"href":"http:\/\/www.sds2021.ufpr.br\/index.php?rest_route=%2Fwp%2Fv2%2Fcomments&post=685"}],"version-history":[{"count":9,"href":"http:\/\/www.sds2021.ufpr.br\/index.php?rest_route=\/wp\/v2\/pages\/685\/revisions"}],"predecessor-version":[{"id":1519,"href":"http:\/\/www.sds2021.ufpr.br\/index.php?rest_route=\/wp\/v2\/pages\/685\/revisions\/1519"}],"wp:attachment":[{"href":"http:\/\/www.sds2021.ufpr.br\/index.php?rest_route=%2Fwp%2Fv2%2Fmedia&parent=685"}],"curies":[{"name":"wp","href":"https:\/\/api.w.org\/{rel}","templated":true}]}}